{"id":9,"date":"2019-05-15T10:10:19","date_gmt":"2019-05-15T10:10:19","guid":{"rendered":"http:\/\/cfeaguisamo.org\/wp-19\/?page_id=9"},"modified":"2026-03-30T08:10:39","modified_gmt":"2026-03-30T08:10:39","slug":"benvida","status":"publish","type":"page","link":"https:\/\/cfeaguisamo.org\/wp-19\/","title":{"rendered":""},"content":{"rendered":"\n<hr class=\"wp-block-separator has-alpha-channel-opacity\"\/>\n\n\n<h2 class=\"contedor__ext__titulo col-sm-12 texto-tam-xxxl texto-color-xunta-primario m-0 texto-bold mb-3\"><a href=\"_wp_link_placeholder\" data-wplink-edit=\"true\">El Centro de formaci\u00f3n y experimentaci\u00f3n agraria de Gu\u00edsamo\u00a0 recibe un premio por su implicaci\u00f3n en la cooperaci\u00f3n internacional<\/a><\/h2>\n<div class=\"contedor__ext__entradilla col-sm-12 texto-tam-sm texto-color-xunta-primario mb-3\">\n<p><img loading=\"lazy\" decoding=\"async\" class=\"alignnone size-full wp-image-5160\" src=\"https:\/\/cfeaguisamo.org\/wp-19\/wp-content\/uploads\/2026\/03\/20260328premioCFEAGuisamo2.jpg\" alt=\"\" width=\"1200\" height=\"675\" \/><\/p>\n<p>El CFEA, dependiente de la Conseller\u00eda de Medio Rural, acaba de ser reconocido por la Fundaci\u00f3n\u00a0<em>Loyola Galicia<\/em>\u00a0por su participaci\u00f3n en un proyecto educativo de desarrollo agr\u00edcola en Mozambique<\/p>\n<\/div>\n<div id=\"carruselContainer0\" class=\"contedor__ext__carrusel col-sm-12 mb-3 contedor-ext\">\n<div class=\"carrusel modelo1 tipo6\" data-ipecos-carrusel=\"\">\n<div class=\"react-carrousel-hoc\">\n<div class=\"ipecos-component-fillo owl-loaded owl-drag\">\n<div class=\"owl-stage-outer\">\n<div class=\"owl-stage\">\n<div class=\"owl-item active\">\n<div class=\"item \"><a class=\"contedor__item contedor__ext__item__video__portada ipecos-popup ip-imaxe imaxe \" title=\"\" href=\"https:\/\/www.xunta.gal\/documents\/35297\/2062028\/20260328premioCFEAGuisamo1.jpeg?version=1.0\" target=\"_blank\" rel=\"noopener\" data-type=\"image\" data-glightbox=\"type: image\" data-desc-position=\"bottom\" data-gallery=\"galeria\" data-title=\"\"><img decoding=\"async\" src=\"https:\/\/www.xunta.gal\/documents\/35297\/2062028\/20260328premioCFEAGuisamo1.jpeg?version=1.0&amp;imagePreview=1\" alt=\"\" \/><\/a><\/div>\n<\/div>\n<\/div>\n<\/div>\n<\/div>\n<\/div>\n<\/div>\n<\/div>\n<div class=\"contedor__ext__contido col-sm-12\">\n<div class=\"row\">\n<div class=\"col-sm-12 contedor__ext__data texto-tam-xxxs\"><strong style=\"font-size: revert; color: initial;\">A Coru\u00f1a, 28 de marzo de 2026<\/strong><\/div>\n<div class=\"col-sm-12 contedor__ext__corpo corpo\">\n<p>El Centro de Formaci\u00f3n y Experimentaci\u00f3n Agraria (CFEA) de Gu\u00edsamo, adscrito a la Agencia Gallega de la Calidad Alimentaria de la Conseller\u00eda de Medio Rural, acaba de recibir un premio de la\u00a0<em>Fundaci\u00f3n Loyola Galicia<\/em>\u00a0por su implicaci\u00f3n en un proyecto de desarrollo agr\u00edcola en Mozambique. El acto de entrega del galard\u00f3n tuvo lugar dentro del programa del festival solidario\u00a0<em>Fitas de Vento<\/em>, en el Auditorio Sed Afundaci\u00f3n.<\/p>\n<p>De este modo se reconoce la participaci\u00f3n de este CFEA en el proyecto educativo ESIL-CAMPO Msaladzi-Tzangnao-Mozambique, que est\u00e1 obteniendo un impacto muy positivo en la comunidad local mozambique\u00f1a. As\u00ed, el centro de Gu\u00edsamo desarroll\u00f3 el asesoramiento, acompa\u00f1amiento y formaci\u00f3n te\u00f3rica y pr\u00e1ctica de un docente del colegio de ense\u00f1anza secundaria ESIL de dicho pa\u00eds africano, durante su estancia de dos meses en A Coru\u00f1a en el a\u00f1o 2023.<\/p>\n<p><img loading=\"lazy\" decoding=\"async\" class=\" wp-image-5161 alignleft\" src=\"https:\/\/cfeaguisamo.org\/wp-19\/wp-content\/uploads\/2026\/03\/20260328premioCFEAGuisamo1.jpg\" alt=\"\" width=\"496\" height=\"372\" \/>A lo largo de este per\u00edodo, el profesor tuvo la oportunidad de participar en diversas actividades formativas en el \u00e1mbito de la producci\u00f3n agraria ecol\u00f3gica y en cursos y acciones del Plan de formaci\u00f3n continua para el campo gallego que se desarrolla desde la Conseller\u00eda de Medio Rural<\/p>\n<\/div>\n<\/div>\n<\/div>\n\n\n<hr class=\"wp-block-separator has-alpha-channel-opacity\"\/>\n\n\n\n<p class=\"has-medium-font-size\"><a href=\"https:\/\/www.xunta.gal\/notas-de-prensa\/-\/nova\/022326\/medio-rural-caritas-diocesana-santiago-firman-convenio-para-formacion-personas\">O director da Axencia Galega da Calidade Alimentaria, Mart\u00edn Alemparte, subscribiu hoxe a colaboraci\u00f3n coa entidade social no Centro de Formaci\u00f3n e Experimentaci\u00f3n Agraria de Gu\u00edsamo, onde se impartir\u00e1n as actividades formativas<\/a><\/p>\n\n\n\n<figure class=\"wp-block-image size-full\"><img loading=\"lazy\" decoding=\"async\" width=\"1200\" height=\"761\" src=\"https:\/\/cfeaguisamo.org\/wp-19\/wp-content\/uploads\/2026\/03\/20260311_Alemparte_Convenio_Caritas.jpg\" alt=\"\" class=\"wp-image-5150\"\/><\/figure>\n\n\n\n<ul class=\"wp-block-list has-vivid-cyan-blue-color has-text-color has-link-color wp-elements-d1d687e6a4ca739f0f2b8492469a3d00\">\n<li>Ofreceranse cursos de formaci\u00f3n non regrada de mantemento de xard\u00edns e zonas verdes, combinando contidos te\u00f3ricos e pr\u00e1cticos co obxectivo de mellorar a capacitaci\u00f3n profesional das persoas participantes e favorecer a s\u00faa inserci\u00f3n laboral<\/li>\n<\/ul>\n\n\n\n<p><strong>Bergondo (A Coru\u00f1a), 11 de marzo de 2026<\/strong><\/p>\n\n\n\n<p>O director da Axencia Galega da Calidade Alimentaria, Mart\u00edn Alemparte, asinou hoxe no Centro de Formaci\u00f3n e Experimentaci\u00f3n Agraria de Gu\u00edsamo, en Bergondo, un convenio de colaboraci\u00f3n entre a Conseller\u00eda do Medio Rural e C\u00e1ritas Diocesana de Santiago para desenvolver actividades formativas no \u00e1mbito da xardinar\u00eda dirixidas a persoas en risco de exclusi\u00f3n social.<\/p>\n\n\n\n<p>O acordo permitir\u00e1 impartir cursos de formaci\u00f3n non regrada de mantemento de xard\u00edns e zonas verdes no CFEA de Gu\u00edsamo, que depende da Conseller\u00eda. Estas acci\u00f3ns formativas combinar\u00e1n contidos te\u00f3ricos e pr\u00e1cticos co obxectivo de mellorar a capacitaci\u00f3n profesional das persoas participantes e favorecer a s\u00faa inserci\u00f3n laboral.<\/p>\n\n\n\n<p>A trav\u00e9s da Axencia Galega da Calidade Alimentaria, a Conseller\u00eda achegar\u00e1 as instalaci\u00f3n do centro, as\u00ed como apoio t\u00e9cnico para a elaboraci\u00f3n dos programas formativos. C\u00e1ritas pola s\u00faa banda asumir\u00e1 a xesti\u00f3n administrativa dos cursos e a coordinaci\u00f3n do profesorado. O convenio ter\u00e1 unha vixencia inicial dun ano, con posibilidade de pr\u00f3rroga ata un m\u00e1ximo de catro anos.<\/p>\n\n\n\n<p>Alemparte destacou que \u201ca formaci\u00f3n \u00e9 unha ferramenta fundamental para constru\u00edr autonom\u00eda, dignidade e futuro, e avanzar cara a unha sociedade m\u00e1is inclusiva\u201d. Neste sentido, subli\u00f1ou que a colaboraci\u00f3n entre instituci\u00f3ns p\u00fablicas e entidades sociais permite desenvolver \u00abiniciativas concretas que contrib\u00faen \u00e1 mellora das oportunidades laborais das persoas en situaci\u00f3n de vulnerabilidade\u201d.<\/p>\n\n\n\n<hr class=\"wp-block-separator has-alpha-channel-opacity\"\/>\n\n\n\n<figure class=\"wp-block-video\"><video height=\"850\" style=\"aspect-ratio: 478 \/ 850;\" width=\"478\" controls src=\"https:\/\/cfeaguisamo.org\/wp-19\/wp-content\/uploads\/2025\/09\/WhatsApp-Video-2025-09-15-at-14.10.51.mp4\"><\/video><\/figure>\n\n\n\n<figure class=\"wp-block-video\"><video controls src=\"https:\/\/www.cfeaguisamo.org\/wp-19\/documentos\/CFEA_GUISAMO_HD.mp4\"><\/video><\/figure>\n\n\n\n<hr class=\"wp-block-separator has-alpha-channel-opacity\"\/>\n\n\n\n<div class=\"wp-block-columns is-layout-flex wp-container-core-columns-is-layout-9d6595d7 wp-block-columns-is-layout-flex\">\n<div class=\"wp-block-column is-layout-flow wp-block-column-is-layout-flow\">\n<figure class=\"wp-block-image size-full\"><img decoding=\"async\" src=\"https:\/\/cfeaguisamo.org\/wp-19\/wp-content\/uploads\/2025\/05\/PANTALLA_REVERDECER_CFEA_GUISAMO-1.jpg\" alt=\"\" class=\"wp-image-5002\"\/><\/figure>\n<\/div>\n<\/div>\n\n\n\n<p><br>Unha oportunidade para explorar a intelixencia vexetal e comprender o seu papel fundamental no equilibrio dos ecosistemas.<\/p>\n\n\n\n<hr class=\"wp-block-separator has-alpha-channel-opacity\"\/>\n\n\n\n<h2 class=\"wp-block-heading\">Visita virtual \u00e1s instalaci\u00f3ns do CFEA de Gu\u00edsamo<\/h2>\n\n\n\n<figure class=\"wp-block-embed is-type-video is-provider-youtube wp-block-embed-youtube wp-embed-aspect-16-9 wp-has-aspect-ratio\"><div class=\"wp-block-embed__wrapper\">\n<iframe loading=\"lazy\" title=\"CFEA Gu\u00edsamo V2\" width=\"640\" height=\"360\" src=\"https:\/\/www.youtube.com\/embed\/aeAQQCRmeW0?feature=oembed\" frameborder=\"0\" allow=\"accelerometer; autoplay; clipboard-write; encrypted-media; gyroscope; picture-in-picture; web-share\" referrerpolicy=\"strict-origin-when-cross-origin\" allowfullscreen><\/iframe>\n<\/div><\/figure>\n\n\n\n<hr class=\"wp-block-separator has-alpha-channel-opacity\"\/>\n\n\n<p><blockquote class=\"wp-embedded-content\" data-secret=\"chjFddWQlY\"><a href=\"https:\/\/cfeaguisamo.org\/wp-19\/2023\/04\/19\/entrevista-a-directora-do-cfea-de-guisamo-da-revista-da-agaexar\/\">Entrevista \u00e1 directora do CFEA de Gu\u00edsamo da revista da AGAEXAR<\/a><\/blockquote><iframe loading=\"lazy\" class=\"wp-embedded-content\" sandbox=\"allow-scripts\" security=\"restricted\" style=\"position: absolute; visibility: hidden;\" title=\"\u00abEntrevista \u00e1 directora do CFEA de Gu\u00edsamo da revista da AGAEXAR\u00bb \u2014 CENTRO DE FORMACI\u00d3N E EXPERIMENTACI\u00d3N AGROFORESTAL\" src=\"https:\/\/cfeaguisamo.org\/wp-19\/2023\/04\/19\/entrevista-a-directora-do-cfea-de-guisamo-da-revista-da-agaexar\/embed\/#?secret=5P93kpZltC#?secret=chjFddWQlY\" data-secret=\"chjFddWQlY\" width=\"600\" height=\"338\" frameborder=\"0\" marginwidth=\"0\" marginheight=\"0\" scrolling=\"no\"><\/iframe><\/p>\n\n\n<hr class=\"wp-block-separator has-alpha-channel-opacity\"\/>\n\n\n\n<figure class=\"wp-block-image is-resized\"><img loading=\"lazy\" decoding=\"async\" width=\"716\" height=\"253\" src=\"http:\/\/cfeaguisamo.org\/wp-19\/wp-content\/uploads\/2019\/05\/selloarboleda.png\" alt=\"\" class=\"wp-image-32\" style=\"width:835px;height:295px\" srcset=\"https:\/\/cfeaguisamo.org\/wp-19\/wp-content\/uploads\/2019\/05\/selloarboleda.png 716w, https:\/\/cfeaguisamo.org\/wp-19\/wp-content\/uploads\/2019\/05\/selloarboleda-300x106.png 300w\" sizes=\"auto, (max-width: 716px) 100vw, 716px\" \/><\/figure>\n\n\n\n<hr class=\"wp-block-separator has-alpha-channel-opacity\"\/>\n\n\n\n<p>\u00a0<\/p>\n<table style=\"border-collapse: collapse; width: 101.547%; height: 2122px;\">\n<tbody>\n<tr style=\"height: 96px;\">\n<td style=\"width: 100%; background-color: #2281c5; text-align: center; height: 96px;\">\n<h3><strong><span style=\"color: #ffffff;\">Informaci\u00f3n importante para as persoas que te\u00f1an que solicitar a renovacion do carn\u00e9 de usuario profesional de produtos fitosanitarios.<\/span><\/strong><\/h3>\n<\/td>\n<\/tr>\n<tr style=\"height: 2026px;\">\n<td style=\"width: 100%; background-color: #2281c5; height: 2026px;\">\n<div id=\"block-agacal-theme-page-title\" class=\"block block-core block-page-title-block\">\n<div class=\"content\">\n<p class=\"title\"><u style=\"color: #ffffff; font-size: revert; font-family: inherit; font-weight: inherit;\">Solicitude:<\/u><\/p>\n<\/div>\n<\/div>\n<div id=\"block-agacal-theme-content\" class=\"block block-system block-system-main-block\">\n<div class=\"content\">\n<article class=\"node node--type-page node--view-mode-full clearfix\" role=\"article\">\n<div class=\"node__content clearfix wrapper-menu-cuadros\">\n<div class=\"clearfix text-formatted field field--name-body field--type-text-with-summary field--label-hidden field__item\">\n<ul>\n<li>\n<p><span style=\"color: #ffffff;\"><a style=\"color: #ffffff;\" href=\"https:\/\/sede.xunta.gal\/detalle-procedemento?codtram=MR203B\" target=\"_blank\" rel=\"noopener\">MR203B &#8211; Carn\u00e9 de usuario profesional de produtos fitosanitarios<\/a>.<\/span><\/p>\n<\/li>\n<\/ul>\n<p><span style=\"color: #ffffff;\">A persoa interesada dirixir\u00e1 a s\u00faa solicitude \u00e1 Axencia Galega da Calidade Alimentaria (AGACAL) da Conseller\u00eda do Medio Rural<\/span><\/p>\n<p><span style=\"color: #ffffff;\"><u>Documentaci\u00f3n:<\/u><\/span><\/p>\n<ul>\n<li>\n<p><span style=\"color: #ffffff;\">Solicitude<\/span><\/p>\n<\/li>\n<li>\n<p><span style=\"color: #ffffff;\">Xustificante de aboamento da taxa<\/span><\/p>\n<\/li>\n<li>\n<p><span style=\"color: #ffffff;\">Copia do carn\u00e9 (s\u00f3 no caso de renovaci\u00f3n.\u00a0<strong>A solicitude de renovaci\u00f3n do carn\u00e9 poder\u00e1 realizarse dentro dos 12 meses anteriores \u00e1 finalizaci\u00f3n do periodo de validez<\/strong>)<\/span><\/p>\n<\/li>\n<li>\n<p><span style=\"color: #ffffff;\">Orixinal ou copia autenticada do t\u00edtulo universitario, s\u00f3 no caso de non autorizar a consulta dos datos (validaci\u00f3n polo Real decreto 1311\/2012)<\/span><\/p>\n<\/li>\n<li>\n<p><span style=\"color: #ffffff;\">Orixinal ou copia autenticada do ciclo formativo da rama Agraria, s\u00f3 no caso de non autorizar a consulta dos datos (validaci\u00f3n polo Real decreto 1311\/2012)<\/span><\/p>\n<\/li>\n<li>\n<p><span style=\"color: #ffffff;\">Orixinal ou copia autenticada do certificado de profesionalidade emitido pola Conseller\u00eda de Emprego e Igualdade (validaci\u00f3n polo Real decreto 1311\/2012)<\/span><\/p>\n<\/li>\n<li>\n<p><span style=\"color: #ffffff;\">Copia do DNI o NIE, s\u00f3 no caso de non autorizar a consulta dos datos.<\/span><\/p>\n<\/li>\n<li>\n<p><span style=\"color: #ffffff;\">No caso de que o solicitante realizase un curso de capacitaci\u00f3n f\u00f3ra da CA de Galicia, deber\u00e1 achegar:<\/span><\/p>\n<ul>\n<li>\n<p><span style=\"color: #ffffff;\">Orixinal ou copia autenticada do\u00a0certificado que acredite a realizaci\u00f3n do curso<\/span><\/p>\n<\/li>\n<li>\n<p><span style=\"color: #ffffff;\">Orixinal ou copia autenticada da resoluci\u00f3n de autorizaci\u00f3n do curso realizado emitido pola CA que corresponda<\/span><\/p>\n<\/li>\n<li>\n<p><span style=\"color: #ffffff;\">Orixinal ou copia autenticada do documento que acredite a residencia do solicitante na CA de Galicia como, por exemplo, escritura da propiedade, contrato de arrendamento en vigor e \u00faltimo recibo pagado, contrato ou factura actual expedido pola compa\u00f1\u00eda subministradora de tel\u00e9fono, auga, gas, electricidade, etc.<\/span><\/p>\n<\/li>\n<\/ul>\n<\/li>\n<\/ul>\n<p><span style=\"color: #ffffff;\"><u><a style=\"color: #ffffff;\" href=\"https:\/\/ovt.atriga.gal\/#!\/categoria\/?Cidad%c3%a1ns\/11609730\/4127328\" target=\"_blank\" rel=\"noopener\">Informaci\u00f3n sobre o pagamento da taxa<\/a>. C\u00f3digos<\/u>:<\/span><\/p>\n<ul>\n<li>\n<p><span style=\"color: #ffffff;\">CONSELLER\u00cdA-MEDIO RURAL-C\u00d3DIGO 09<\/span><\/p>\n<\/li>\n<li>\n<p><span style=\"color: #ffffff;\">DELEGACI\u00d3N-SERVIZOS CENTRAIS-C\u00d3DIGO 13<\/span><\/p>\n<\/li>\n<li>\n<p><span style=\"color: #ffffff;\">SERVIZO-AXENCIA GALEGA DA CALIDADE ALIMENTARIA-C\u00d3DIGO 17<\/span><\/p>\n<\/li>\n<li>\n<p><span style=\"color: #ffffff;\">DENOMINACI\u00d3N TAXA-310407<\/span><\/p>\n<\/li>\n<\/ul>\n<p><span style=\"color: #ffffff;\">O importe da taxa pode consultalo no seguinte\u00a0<a style=\"color: #ffffff;\" href=\"https:\/\/agacal.xunta.gal\/sites\/default\/files\/formacion\/profesionais\/Anexo-2-tarifas-2024-es.pdf\" target=\"_blank\" rel=\"noopener\">documento (c\u00f3digo 31.04.07.04)<\/a><\/span><\/p>\n<p><span style=\"color: #ffffff;\"><strong>Nota:\u00a0<\/strong>A persoa solicitante deber\u00e1 achegar o xustificante de pagamento (no caso de efectuar o pago a trav\u00e9s da ligaz\u00f3n anterior \u00e9 importante que non se confunda co recibo de pago con tarxeta).<\/span><\/p>\n<p><span style=\"color: #ffffff;\"><strong>Presentaci\u00f3n electr\u00f3nica<\/strong><\/span><\/p>\n<p><span style=\"color: #ffffff;\">A solicitude deber\u00e1 presentarse preferiblemente por v\u00eda electr\u00f3nica a trav\u00e9s do modelo normalizado dispo\u00f1ible na sede electr\u00f3nica da Xunta de Galicia,\u00a0<a style=\"color: #ffffff;\" href=\"https:\/\/sede.xunta.gal\/\" target=\"_blank\" rel=\"noopener\">https:\/\/sede.xunta.gal<\/a>, de acordo co establecido nos artigos 27 da Lei 11\/2007, do 22 de xu\u00f1o, de acceso electr\u00f3nico dos cidad\u00e1ns aos servizos p\u00fablicos, e 24 do Decreto 198\/2010, do 2 de decembro, polo que se regula o desenvolvemento da Administraci\u00f3n electr\u00f3nica na Xunta de Galicia e nas entidades dela dependentes.<\/span><\/p>\n<p><span style=\"color: #ffffff;\">Para a presentaci\u00f3n das solicitudes ser\u00e1 necesario o Documento Nacional de Identidade electr\u00f3nico ou calquera dos certificados electr\u00f3nicos reco\u00f1ecidos pola sede electr\u00f3nica da Xunta de Galicia, as\u00ed como a chave concertada 365, no enderezo<a style=\"color: #ffffff;\" href=\"https:\/\/sede.xunta.gal\/chave365\" target=\"_blank\" rel=\"noopener\">\u00a0https:\/\/sede.xunta.gal\/chave365<\/a>.<\/span><\/p>\n<p><span style=\"color: #ffffff;\"><strong>Presentaci\u00f3n en soporte papel<\/strong><\/span><\/p>\n<p><span style=\"color: #ffffff;\">Opcionalmente, tam\u00e9n se poder\u00e1n presentar a solicitude presencialmente en calquera dos lugares e rexistros establecidos na normativa reguladora do procedemento administrativo com\u00fan, utilizando o formulario normalizado dispo\u00f1ible na sede electr\u00f3nica da Xunta de Galicia e no Portal de Transparencia da Xunta de Galicia.<\/span><\/p>\n<\/div>\n<\/div>\n<\/article>\n<\/div>\n<\/div>\n<\/td>\n<\/tr>\n<\/tbody>\n<\/table>\n<p>M\u00e1is informaci\u00f3n na seguinte ligaz\u00f3n:<\/p>\n<p><a href=\"https:\/\/agacal.xunta.gal\/gl\/formacion\/carnes-diplomas-certificados-oficiais\/usuarios-profesionais-de-produtos-fitosanitarios\">https:\/\/agacal.xunta.gal\/gl\/formacion\/carnes-diplomas-certificados-oficiais\/usuarios-profesionais-de-produtos-fitosanitarios<\/a><\/p>\n\n\n\n<hr class=\"wp-block-separator has-alpha-channel-opacity\"\/>\n\n\n\n<p><\/p>\n\n\n\n<p><\/p>\n","protected":false},"excerpt":{"rendered":"<p>El Centro de formaci\u00f3n y experimentaci\u00f3n agraria de Gu\u00edsamo\u00a0 recibe un premio por su implicaci\u00f3n en la cooperaci\u00f3n internacional El CFEA, dependiente de la Conseller\u00eda de Medio Rural, acaba de ser reconocido por la Fundaci\u00f3n\u00a0Loyola Galicia\u00a0por su participaci\u00f3n en un proyecto educativo de desarrollo agr\u00edcola en Mozambique A Coru\u00f1a, 28 de marzo de 2026 El [&hellip;]<\/p>\n","protected":false},"author":1,"featured_media":0,"parent":0,"menu_order":0,"comment_status":"closed","ping_status":"closed","template":"","meta":{"footnotes":""},"class_list":["post-9","page","type-page","status-publish","hentry"],"_links":{"self":[{"href":"https:\/\/cfeaguisamo.org\/wp-19\/wp-json\/wp\/v2\/pages\/9","targetHints":{"allow":["GET"]}}],"collection":[{"href":"https:\/\/cfeaguisamo.org\/wp-19\/wp-json\/wp\/v2\/pages"}],"about":[{"href":"https:\/\/cfeaguisamo.org\/wp-19\/wp-json\/wp\/v2\/types\/page"}],"author":[{"embeddable":true,"href":"https:\/\/cfeaguisamo.org\/wp-19\/wp-json\/wp\/v2\/users\/1"}],"replies":[{"embeddable":true,"href":"https:\/\/cfeaguisamo.org\/wp-19\/wp-json\/wp\/v2\/comments?post=9"}],"version-history":[{"count":465,"href":"https:\/\/cfeaguisamo.org\/wp-19\/wp-json\/wp\/v2\/pages\/9\/revisions"}],"predecessor-version":[{"id":5176,"href":"https:\/\/cfeaguisamo.org\/wp-19\/wp-json\/wp\/v2\/pages\/9\/revisions\/5176"}],"wp:attachment":[{"href":"https:\/\/cfeaguisamo.org\/wp-19\/wp-json\/wp\/v2\/media?parent=9"}],"curies":[{"name":"wp","href":"https:\/\/api.w.org\/{rel}","templated":true}]}}